?
2
What is the hundreds digit of 6408?
4
What is the tens digit of 3026?
2
What is the tens digit of 63?
6
What is the thousands digit of 14531?
4
What is the thousands digit of 6543?
6
What is the thousands digit of 71148?
1
What is the tens digit of 424?
2
What is the ten thousands digit of 69969?
6
What is the tens digit of 3765?
6
What is the tens digit of 563?
6
What is the thousands digit of 5651?
5
What is the hundreds digit of 4505?
5
What is the units digit of 7896?
6
What is the tens digit of 594?
9
What is the hundreds digit of 856?
8
What is the hundreds digit of 7392?
3
What is the units digit of 2979?
9
What is the units digit of 6550?
0
What is the tens digit of 5346?
4
What is the hundreds digit of 58934?
9
What is the hundreds digit of 540?
5
What is the tens digit of 95814?
1
What is the hundreds digit of 63430?
4
What is the hundreds digit of 984?
9
What is the hundreds digit of 44521?
5
What is the thousands digit of 22344?
2
What is the thousands digit of 4977?
4
What is the thousands digit of 8904?
8
What is the hundreds digit of 15058?
0
What is the units digit of 518?
8
What is the thousands digit of 19772?
9
What is the units digit of 543?
3
What is the ten thousands digit of 56348?
5
What is the units digit of 39997?
7
What is the hundreds digit of 2455?
4
What is the thousands digit of 1957?
1
What is the hundreds digit of 69552?
5
What is the thousands digit of 4029?
4
What is the units digit of 953?
3
What is the tens digit of 2498?
9
What is the units digit of 226?
6
What is the units digit of 15347?
7
What is the thousands digit of 4491?
4
What is the ten thousands digit of 98130?
9
What is the hundreds digit of 76228?
2
What is the hundreds digit of 5991?
9
What is the thousands digit of 26993?
6
What is the hundreds digit of 2832?
8
What is the units digit of 664?
4
What is the tens digit of 7541?
4
What is the thousands digit of 3147?
3
What is the ten thousands digit of 135082?
3
What is the tens digit of 3890?
9
What is the hundreds digit of 2307?
3
What is the tens digit of 2387?
8
What is the ten thousands digit of 16546?
1
What is the tens digit of 18914?
1
What is the units digit of 1118?
8
What is the ten thousands digit of 34265?
3
What is the hundreds digit of 3265?
2
What is the units digit of 10680?
0
What is the hundreds digit of 43239?
2
What is the units digit of 1232?
2
What is the thousands digit of 13551?
3
What is the thousands digit of 22135?
2
What is the units digit of 331?
1
What is the hundreds digit of 3055?
0
What is the hundreds digit of 7015?
0
What is the tens digit of 1666?
6
What is the units digit of 12126?
6
What is the ten thousands digit of 24940?
2
What is the hundreds digit of 380?
3
What is the thousands digit of 9805?
9
What is the ten thousands digit of 20976?
2
What is the units digit of 1465?
5
What is the hundreds digit of 36694?
6
What is the units digit of 49659?
9
What is the hundred thousands digit of 133811?
1
What is the units digit of 17607?
7
What is the thousands digit of 1034?
1
What is the thousands digit of 6412?
6
What is the units digit of 77383?
3
What is the thousands digit of 1765?
1
What is the units digit of 12557?
7
What is the thousands digit of 13151?
3
What is the thousands digit of 85007?
5
What is the thousands digit of 17970?
7
What is the thousands digit of 2981?
2
What is the tens digit of 1791?
9
What is the thousands digit of 1294?
1
What is the tens digit of 14178?
7
What is the tens digit of 124459?
5
What is the ten thousands digit of 24183?
2
What is the units digit of 58302?
2
What is the units digit of 7952?
2
What is the thousands digit of 17490?
7
What is the tens digit of 4203?
0
What is the hundreds digit of 119267?
2
What is the thousands digit of 20234?
0
What is the hundreds digit of 1018?
0
What is the tens digit of 6994?
9
What is the units digit of 10256?
6
What is the ten thousands digit of 124793?
2
What is the tens digit of 7475?
7
What is the ten thousands digit of 59593?
5
What is the thousands digit of 5675?
5
What is the hundreds digit of 828?
8
What is the units digit of 151205?
5
What is the ten thousands digit of 10776?
1
What is the units digit of 212?
2
What is the tens digit of 34875?
7
What is the tens digit of 336?
3
What is the units digit of 83150?
0
What is the hundreds digit of 3752?
7
What is the units digit of 40746?
6
What is the units digit of 27677?
7
What is the units digit of 484?
4
What is the units digit of 10888?
8
What is the units digit of 175?
5
What is the ten thousands digit of 55870?
5
What is the units digit of 12157?
7
What is the tens digit of 146886?
8
What is the tens digit of 751?
5
What is the thousands digit of 15654?
5
What is the units digit of 6663?
3
What is the thousands digit of 3491?
3
What is the hundreds digit of 1014?
0
What is the hundred thousands digit of 110617?
1
What is the tens digit of 52879?
7
What is the units digit of 545?
5
What is the ten thousands digit of 12695?
1
What is the thousands digit of 108546?
8
What is the thousands digit of 2560?
2
What is the tens digit of 40668?
6
What is the tens digit of 66267?
6
What is the tens digit of 2306?
0
What is the tens digit of 16629?
2
What is the tens digit of 1387?
8
What is the units digit of 685?
5
What is the tens digit of 51189?
8
What is the hundreds digit of 3157?
1
What is the units digit of 906?
6
What is the tens digit of 3375?
7
What is the units digit of 362?
2
What is the ten thousands digit of 30021?
3
What is the tens digit of 2097?
9
What is the hundreds digit of 4640?
6
What is the units digit of 86859?
9
What is the tens digit of 17571?
7
What is the tens digit of 60286?
8
What is the hundreds digit of 23653?
6
What is the thousands digit of 15852?
5
What is the hundreds digit of 1042?
0
What is the units digit of 840?
0
What is the units digit of 75?
5
What is the units digit of 5209?
9
What is the units digit of 2256?
6
What is the hundreds digit of 20021?
0
What is the thousands digit of 45395?
5
What is the units digit of 141178?
8
What is the hundreds digit of 249?
2
What is the ten thousands digit of 35448?
3
What is the tens digit of 4733?
3
What is the hundreds digit of 188?
1
What is the tens digit of 1859?
5
What is the units digit of 5930?
0
What is the ten thousands digit of 59555?
5
What is the ten thousands digit of 15850?
1
What is the hundreds digit of 1433?
4
What is the tens digit of 580?
8
What is the tens digit of 38484?
8
What is the hundreds digit of 1890?
8
What is the thousands digit of 13077?
3
What is the units digit of 36173?
3
What is the tens digit of 162?
6
What is the tens digit of 27347?
4
What is the units digit of 145?
5
What is the thousands digit of 4758?
4
What is the tens digit of 1902?
0
What is the ten thousands digit of 77700?
7
What is the tens digit of 17639?
3
What is the thousands digit of 1011?
1
What is the hundreds digit of 53118?
1
What is the thousands digit of 76068?
6
What is the hundreds digit of 4129?
1
What is the units digit of 1038?
8
What is the hundreds digit of 2276?
2
What is the tens digit of 71218?
1
What is the tens digit of 41242?
4
What is the hundreds digit of 4566?
5
What is the tens digit of 2710?
1
What is the tens digit of 40586?
8
What is the tens digit of 2318?
1
What is the thousands digit of 5411?
5
What is the hundreds digit of 2067?
0
What is the ten thousands digit of 28293?
2
What is the thousands digit of 4444?
4
What is the units digit of 55968?
8
What is the thousands digit of 50195?
0
What is the thousands digit of 6550?
6
What is the hundreds digit of 236?
2
What is the units digit of 2336?
6
What is the thousands digit of 3192?
3
What is the thousands digit of 3775?
3
What is the hundreds digit of 66900?
9
What is the hundreds digit of 3053?
0
What is the tens digit of 4525?
2
What is the hundreds digit of 1082?
0
What is the units digit of 2797?
7
What is the ten thousands digit of 79470?
7
What is the tens digit of 4769?
6
What is the tens digit of 142441?
4
What is the hundred thousands digit of 179215?
1
What is the tens digit of 138598?
9
What is the tens digit of 323?
2
What is the ten thousands digit of 27527?
2
What is the ten thousands digit of 34820?
3
What is the thousands digit of 1994?
1
What 